j(37).
8
Let h(d) = -14149*d + 56668. Give h(4).
72
Let c(f) = 2*f**3 - 437*f**2 + 1494*f + 2839. What is c(215)?
474
Let y(r) = r**3 - 45*r**2 + 451*r + 224. Determine y(32).
1344
Let k(w) = 82836*w + 4638842. Calculate k(-56).
26
Let s(q) = 110*q**2 - 819*q + 297. Determine s(7).
-46
Let k(s) = -13*s**3 - 23*s**2 - 247*s - 489. Give k(-2).
17
Let z(i) = -10*i**2 + 2024*i + 30383. Calculate z(-14).
87
Let a(g) = -g**3 - 49*g**2 + 64*g + 986. Give a(-50).
286
Let o(g) = -1744*g - 36805. Determine o(-21).
-181
Let d(x) = -16*x + 1422. Determine d(103).
-226
Let w(r) = 2*r**3 - 15*r**2 - 131*r + 16. Give w(12).
-260
Let l(f) = 3*f**3 - 7525*f**2 - 80597*f - 27704. Determine l(2519).
5
Let b(a) = -86*a**2 - 91*a + 13. Calculate b(0).
13
Let a(x) = 3*x**3 + 749*x**2 - 966*x + 9559. What is a(-251)?
21
Let k(p) = -p**3 + 141*p**2 - 4711*p + 426522. Give k(130).
-8
Let w(q) = 78*q**2 + 178*q - 978. Give w(7).
4090
Let m(p) = -3*p**3 - 9*p**2 - 16*p - 131. Determine m(-8).
957
Let u(q) = 265*q**2 + 3164*q - 187. Give u(-12).
5
Let x(u) = -u**3 - 1957*u**2 - 89770*u - 1. What is x(-47)?
-1
Let q(h) = 4*h**3 - 270*h**2 + 1044*h - 116. Give q(4).
-4
Let w(m) = -11*m**2 + 1893*m - 68. Determine w(172).
104
Let x(t) = -43*t**2 + 19338*t + 77343. Determine x(-4).
-697
Let u(m) = -m**3 + 487*m**2 - 408*m - 37905. What is u(486)?
3
Let n(o) = -99564*o + 1991286. What is n(20)?
6
Let a(n) = -7851*n - 227351. What is a(-29)?
328
Let b(n) = -107*n**2 + 14982*n - 200. What is b(140)?
80
Let j(o) = o**3 - 3*o**2 + 253*o + 1852. What is j(-6)?
10
Let f(b) = 19297*b - 116384. Determine f(6).
-602
Let u(q) = q**2 - 295*q + 3054. Determine u(10).
204
Let c(o) = o**3 + 29*o**2 + 87*o + 67. What is c(-21)?
1768
Let b(l) = -177*l**2 - 2304*l - 2222. Calculate b(-12).
-62
Let r(q) = -27*q**2 + 734*q + 3231. Determine r(31).
38
Let q(s) = -62*s + 1226. What is q(29)?
-572
Let l(k) = k**3 - 354*k**2 + 2775*k - 26. Determine l(8).
30
Let w(i) = 332*i + 8. What is w(5)?
1668
Let f(d) = 15*d**3 - 25*d**2 - 52*d + 186. What is f(4)?
538
Let l(j) = 20*j**2 - 56*j - 97. Calculate l(4).
-1
Let g(r) = 3*r**2 + 235*r - 3775. Calculate g(17).
1087
Let i(y) = 7*y**2 + 3335*y + 11348. Give i(-473).
-4
Let c(m) = 30754*m - 953292. Determine c(31).
82
Let c(l) = 3560*l + 267017. Calculate c(-75).
17
Let i(w) = 5535*w - 11102. What is i(2)?
-32
Let z(q) = -50904*q + 40417779. Give z(794).
3
Let x(w) = -42*w - 4698. What is x(-82)?
-1254
Let b(u) = -2*u**2 + 1808*u - 281623. Determine b(200).
-23
Let i(a) = 181*a**3 - 30*a**2 + 12*a + 18. Give i(0).
18
Let m(p) = -2166*p + 8893. Determine m(4).
229
Let t(a) = -26965*a - 674090. Give t(-25).
35
Let w(o) = 229*o - 4268. Determine w(23).
999
Let j(y) = -y**3 + 74*y**2 - 9*y - 525. Calculate j(74).
-1191
Let o(x) = 6*x**2 + 405*x + 6374. What is o(-25)?
-1
Let v(l) = 2669607*l - 2669606. Give v(1).
1
Let o(k) = -55*k**2 + 537*k - 30. What is o(6)?
1212
Let u(l) = -16151*l - 97497. Give u(-6).
-591
Let w(a) = -51*a**2 + 445*a - 809. Give w(6).
25
Let t(h) = h**2 + 22*h + 30. Calculate t(-23).
53
Let f(w) = -2*w**2 + 1403*w - 9773. Give f(7).
-50
Let m(d) = 3*d**2 + 748*d - 13468. Give m(18).
968
Let y(u) = 3*u**2 - 8866*u - 80052. Give y(-9).
-15
Let l(a) = 97*a**3 + 71584*a**2 - 1471*a + 3683. Give l(-738).
-7
Let x(g) = -821692*g - 36154452. Give x(-44).
-4
Let f(l) = -3610*l - 245511. Give f(-68).
-31
Let r(u) = -2*u**3 + 99*u**2 + 672*u + 168. What is r(-6)?
132
Let h(f) = 9*f**3 + 1632*f**2 - 9531*f + 1136. Calculate h(-187).
14
Let b(q) = 1644*q - 6521. Calculate b(4).
55
Let n(t) = 2*t**2 - 393*t - 18083. Give n(235).
12
Let k(y) = y**3 - 2*y**2 + 446*y - 6925. What is k(16)?
3795
Let m(j) = 188*j**2 + 1247*j + 23. Determine m(-7).
506
Let g(o) = o**3 + 10*o**2 + 299*o + 4315. Give g(-13).
-79
Let z(p) = 20*p**3 + 115*p**2 - 52*p - 329. Calculate z(-7).
-1190
Let o(d) = 247511*d + 495013. Calculate o(-2).
-9
Let o(v) = 82*v**2 + 197*v + 63. What is o(-4)?
587
Let g(j) = -4*j**2 - 11687*j + 117205. Give g(10).
-65
Let g(s) = 3*s**2 + 25*s - 1260. Give g(-30).
690
Let t(z) = -23*z**2 + 2658*z + 2679. What is t(-1)?
-2
Let s(n) = n**3 + 17*n**2 + 21*n + 333. What is s(-15)?
468
Let n(d) = 60*d**2 + 155*d - 178. Calculate n(-4).
162
Let u(n) = 3*n**2 + 30*n + 75. Calculate u(6).
363
Let n(o) = 15*o**3 - 577*o**2 - 296*o - 612. Determine n(39).
12
Let x(s) = -s**3 - 69*s**2 - 316*s - 3588. Calculate x(-65).
52
Let k(s) = -209*s - 2333. What is k(-6)?
-1079
Let g(p) = -p**2 + 689*p + 12697. Give g(-18).
-29
Let m(j) = 640*j + 12006. Determine m(-19).
-154
Let b(t) = t**3 + 70*t**2 + 683*t - 306. What is b(-58)?
448
Let n(s) = s**3 - 17*s**2 - 329*s + 785. What is n(28)?
197
Let a(w) = 1643*w + 44703. Determine a(-30).
-4587
Let b(k) = -37*k**2 + 2597*k - 43253. Give b(43).
5
Let c(x) = -264*x + 5064. Calculate c(18).
312
Let z(h) = 196344*h - 785059. Determine z(4).
317
Let t(v) = -v**3 + 87*v**2 - 1463*v - 2173. What is t(25)?
2
Let d(q) = -6*q**2 - 2892*q + 44760. What is d(-497)?
30
Let q(f) = -f**3 - 165*f**2 - 519*f - 96. Give q(-3).
3
Let g(a) = -a**3 - 93*a**2 - 17936*a - 1694806. Calculate g(-94).
14
Let i(s) = s**3 + 45*s**2 + 299*s - 237. What is i(-9)?
-12
Let n(s) = -635*s + 17843. Give n(28).
63
Let i(l) = -50*l**3 + 3*l**2 + 218*l + 658. Give i(-3).
1381
Let w(j) = 281*j + 2048. Determine w(-5).
643
Let p(y) = y**3 - 136*y**2 - 155371*y - 2347. What is p(468)?
-7
Let c(p) = 22140*p - 3808141. Give c(172).
-61
Let n(d) = -178*d + 4327. What is n(21)?
589
Let x(i) = 181619*i - 544833. Determine x(3).
24
Let c(s) = 8*s**2 - 2809*s - 25927. Calculate c(-9).
2
Let z(g) = 8*g**2 + 995*g - 6039. What is z(-130)?
-189
Let y(d) = -d**3 + 54*d**2 - 24*d + 4382. Give y(55).
37
Let n(p) = -p**3 - 145*p**2 - 39*p - 317. Calculate n(0).
-317
Let s(p) = -519*p + 19213. Calculate s(37).
10
Let q(j) = -12855*j - 269981. Calculate q(-21).
-26
Let y(m) = -m**3 - 65*m**2 - 98*m + 1812. Determine y(-63).
48
Let n(y) = 6*y**3 - 21*y**2 - 147*y + 565. Determine n(4).
25
Let d(h) = 1680*h - 79869. Give d(47).
-909
Let t(f) = f**3 + 120*f**2 + f - 6. Calculate t(0).
-6
Let k(h) = 926*h - 38492. Calculate k(41).
-526
Let l(g) = g**3 + 4*g**2 - 779*g - 4569. Calculate l(-6).
33
Let o(f) = 2*f**3 - 44*f**2 + 3794*f - 69926. Determine o(19).
-6
Let z(d) = -9*d**2 - 2767*d - 25336. Calculate z(-298).
-6
Let g(o) = o**3 + 19*o**2 + 566*o + 9063. Give g(-17).
19
Let t(g) = g**2 - 9702*g - 1537865. Calculate t(-156).
-17
Let n(b) = 2*b**3 - 6*b**2 - 482*b - 32. Determine n(-15).
-902
Let t(a) = -970*a + 3402. Give t(3).
492
Let d(v) = -v**3 - 5*v**2 + 64758*v + 1516. Give d(252).
4
Let a(b) = 2*b**3 + 827*b**2 + 4500*b + 4906. What is a(-408)?
10
Let h(a) = -210*a + 115504. What is h(550)?
4
Let q(j) = 22*j - 61. Calculate q(1).
-39
Let o(u) = -10*u**2 - 1199*u + 3812. Determine o(-123).
-1
Let t(l) = 48327*l + 241624. Determine t(-5).
-11
Let c(t) = -t**3 - 444*t**2 - 5216*t - 381. Determine c(-12).
3
Let t(l) = -200*l + 3610. Calculate t(13).
1010
Let d(q) = q**3 - 70*q**2 - 70*q + 16. Calculate d(71).
87
Let w(g) = 37483*g + 74964. What is w(-2)?
-2
Let p(u) = -10*u**2 - 1032*u - 300. Calculate p(-103).
-94
Let p(f) = 36*f**2 + 911*f + 9. Calculate p(-25).
-266
Let o(f) = 4442*f - 62169. Give o(14).
19
Let k(j) = j**2 - 123*j + 3514. Determine k(49).
-112
Let f(y) = -7*y**2 - 66406*y + 53. Give f(0).
53
Let p(u) = -4514*u - 13530. Determine p(-3).
12
Let d(x) = -x**3 - 29*x**2 + 200*x + 848. Give d(-3).
14
Let u(w) = -2387*w + 4804. Determine u(2).
30
Let s(q) = 18*q**3 - 51*q**2 + 97*q - 7. What is s(2)?
127
Let n(c) = -c**3 + 149*c**2 - 1650*c + 858. Give n(137).
36
Let x(o) = -2*o**2 - 9491*o - 2. Give x(0).
-2
Let s(z) = z**3 - 66*z**2 + 184*z - 1117. Give s(63).
-1432
Let a(v) = 14540*v - 15322. Determine a(1).
-782
Let i(w) = 411*w**2 - 5357*w - 1. What is i(13)?
-183
Let g(s) = -72*s**2 + 28584*s + 64. What is g(397)?
64
Let a(d) = 33396*d - 200378. Give a(6).
-2
Let y(b) = -2*b**2 + 896*b + 109603. Calculate y(548).
3
Let y(h) = 292*h + 16359. Determine y(-55).
299
Let h(r) = 3*r**3 + 5*r**2 - 79*r - 363. What is h(-7)?
-594
Let d(i) = i**3 + 5*i**2 - 16*i - 56. Determine d(-2).
-12
Let k(m) = -85800*m - 1115396. Give k(-13).
4
Let t(u) = u**3 -